inder when (3 - (o - 1))/1 is divided by 2?
1
Let m(a) = -10*a**2 + 194*a - 28 - 5*a**2 - 158*a + a**3. Calculate the remainder when m(13) is divided by 52.
50
Let u(f) = f**3 - f**2 - f + 24. Suppose 3*q - 4*q = 188. What is the remainder when q/((6 + -4)*-1) is divided by u(0)?
22
Suppose 4*h - 7*h = 3*s - 9813, 6*s + 19614 = 6*h. Calculate the remainder when h is divided by 121.
3
Let r = 56 + -54. Suppose -36 = -r*v + 4*o, 4*v + v - 90 = 5*o. What is the remainder when (155/2 + v/(-12))/2 is divided by 13?
12
Suppose -20 = -31*r + 27*r. Suppose 2*y + z = -3*y + 61, 2*y + r*z - 6 = 0. Calculate the remainder when 77 is divided by y.
12
What is the remainder when (-5 + 1 + 3 - 5) + 238 + -6 is divided by 145?
81
Let y(u) = 2*u**2 - 9*u + 10. Suppose j - 4*d - 154 = -52, -4*d = 2*j - 228. Calculate the remainder when j is divided by y(6).
26
Let c(t) = -35*t + 185. Let a = -105 + 110. What is the remainder when 22 is divided by c(a)?
2
What is the remainder when (-36)/414 + 9528/69 is divided by 14?
12
Suppose -298 = -14*l + 388. Suppose -3*r - l = -3*g + g, -5*r + 57 = g. What is the remainder when g is divided by 18?
14
Suppose 2*o - 23 = 9. Suppose -3*p + 197 = 5*z, -5*z + 201 = -7*p + 11*p. What is the remainder when z is divided by o?
5
Calculate the remainder when 1930/(-14 + 19) + 8 is divided by 137.
120
Let m(o) = o**2 + 2*o + 1. Suppose -8*a - 48285 = -49341. What is the remainder when a is divided by m(-4)?
6
Let i = -519 + 411. Let t = i - -131. What is the remainder when 114 is divided by t?
22
Let p = 2186 + -1618. Let j(q) = 4*q + 2. Calculate the remainder when p is divided by j(7).
28
Suppose -3*p + 65 = c, 11*c + 70 = 4*p + 9*c. Calculate the remainder when 309 is divided by p/(-225)*-115 + 2/(-9).
9
Suppose 3*n + 36 = 3*p, 7*p - 4*p - 31 = 4*n. Calculate the remainder when 695 is divided by p.
15
Let v = 38 - 27. Suppose -16 = -3*k + v. Let w = -15 - -21. Calculate the remainder when k is divided by w.
3
Let z(m) = 18*m + 29. Let y(j) = -18*j - 33. Let f(i) = -2*y(i) - 3*z(i). Calculate the remainder when f(-6) is divided by 24.
15
Suppose -3*j - 2*j + 555 = 0. Suppose 6*d - 3*d + 239 = 2*t, 569 = 5*t + 2*d. Let p = 129 - t. What is the remainder when j is divided by p?
13
Suppose -a + 4*z + 0*z = 176, -a - 175 = -5*z. Let n be (4/10)/((-6)/a). What is the remainder when 147 is divided by 10/(-3 - (-40)/n)?
27
Suppose 3*v + 1359 = 3*z, -5*v - 1812 = 6*z - 10*z. What is the remainder when z is divided by 86?
23
Let q = -1408 - -3038. What is the remainder when q is divided by 38?
34
Suppose -47*o = -93*o + 2944. Let b = -375 + 758. What is the remainder when b is divided by o?
63
Let m(v) = 17*v. Suppose 0 = -4*x + x + 2*w + 19, -3*x - 2*w - 1 = 0. Let h(b) = -16*b + 18. What is the remainder when m(x) is divided by h(0)?
15
Let y = 366 - 364. Let a(d) = -d**3 + 5*d**2 - d - 2. Calculate the remainder when 0/(-4) - y - -36 - -3 is divided by a(4).
7
Let k = -5157 + 7157. What is the remainder when k is divided by 4?
0
Let i(u) = -24*u + 139. Let a = -389 + 394. Calculate the remainder when 68 is divided by i(a).
11
Suppose 22*j = -b + 21*j + 29, 2*b + j = 58. What is the remainder when b is divided by 47/7 - (-8)/28?
1
Let h(f) = 3*f**2 - 32*f + 23. Suppose 17*q = 18*q - 10. What is the remainder when 14 is divided by h(q)?
2
Suppose 5*t - 7*t + 36 = 0. What is the remainder when -2 + -3 + 208 - 8 is divided by t?
15
Let y(k) = -k**2 + 15*k - 42. Let d(w) = 7*w - 60. Let l be d(10). What is the remainder when 38 is divided by y(l)?
6
Suppose 3*i = 3*l - 9, -5*i + 3 = -2*i. Suppose l = 4*q - 4*c, 8*c - 8 = 4*c. What is the remainder when (4/(-6))/((-4)/78) is divided by q?
1
Let z(g) = 14*g - 68. Let c be z(5). Let h(q) = 18*q + 11. What is the remainder when h(c) is divided by 12?
11
Let p(f) = 8*f**2 + 11*f + 14. Let y be p(-6). Suppose -4*z = -4*d + y, z + 236 = 4*d - 2*z. What is the remainder when d is divided by 4?
3
Let h = 8861 - 8845. What is the remainder when 4092 is divided by h?
12
Suppose 7*x - 2*x - 50 = 0. Let y(c) = 3*c**2. Let t be y(-1). Suppose -t*w - 26 = -65. Calculate the remainder when w is divided by x.
3
Let y = 194 - 184. What is the remainder when (y/(-3) + 4)/((-2)/(-54)) is divided by 7?
4
Let j(m) = 2*m**3 - 6*m**2 - 8*m + 4. What is the remainder when j(6) is divided by (-129)/(-33) + 7/77 - -2?
4
Let g(y) = 39*y + 1. Let o be g(1). Let z = -38 + o. Suppose 0*u + 14 = z*u. What is the remainder when 39 is divided by u?
4
Suppose -10 = 4*i - 42. What is the remainder when 16720/608 - 6/4 is divided by i?
2
Let d(h) = 13*h + 190. Calculate the remainder when 344 is divided by d(-8).
0
Let m(b) = b**3 - 9*b**2 - 10*b. Suppose 0 = -t, k + 5*t - 20 = -k. Let i be m(k). Calculate the remainder when 89 + i + -1 + 5 + -1 is divided by 32.
28
Let n be 1/5 + (-56666)/(-145). Let b = n + -312. Let c(t) = -2*t**3 - 3*t**2 + t + 3. Calculate the remainder when b is divided by c(-3).
25
Suppose 2*c - 68 = -14. What is the remainder when (-104 + (-7 - -21))/(99/(-18) - -4) is divided by c?
6
Let f be ((-16)/(-6))/((-4)/(-72)). Suppose 2*a - 4*m + 1 = 49, 5*a - 3*m - 155 = 0. Calculate the remainder when a is divided by ((-30)/40)/((-2)/f).
16
Let u(r) = -43*r + 6 - 2*r**2 + 35*r + r**2. Let z be u(-4). Suppose -27*x + 10 = -z*x. Calculate the remainder when 3 is divided by x.
1
Let p(u) = -u**3 - 6*u**2 + 14*u - 13. Let y be p(-12). Let i = y - 659. What is the remainder when 132 is divided by i?
12
Suppose 3398 = -13*a + 12316. Let w = a - 583. What is the remainder when 505 is divided by w?
93
Let g = -4313 - -5011. Calculate the remainder when g is divided by 80.
58
Let r = 4480 + -3623. Calculate the remainder when r is divided by 222.
191
Calculate the remainder when 1512/(-35)*2320/(-87) is divided by 144.
0
Let t be ((1 - (-25)/10) + -4)*-30. Suppose c + t = 45. Calculate the remainder when 149 is divided by c.
29
Let u(h) = 33*h**2 + 231*h + 928. Calculate the remainder when u(-4) is divided by 5.
2
Suppose -4252 = -q - o, 2*q - 12214 = -4*o - 3718. Suppose 0 = 41*k - 33*k - q. Calculate the remainder when k is divided by 41.
40
Let x(t) = -11*t - 555. Let u(o) = 598*o**3 - 5*o**2 + 2*o - 1. What is the remainder when u(1) is divided by x(-55)?
44
Let o = -11488 + 11545. Calculate the remainder when 183 is divided by o.
12
Suppose -7*b + 391 + 64 = 0. Suppose -4*l = -95 - b. What is the remainder when l is divided by 12?
4
Let a = -2 - -14. Let q(r) = -6*r**2 - 4*r - 13. Let x be q(-4). Let p = x + 115. Calculate the remainder when p is divided by a.
10
Suppose 59*f = 56*f + 936. What is the remainder when f is divided by 9?
6
Let j(y) = -y**2 - 15*y - 3. Let o = -40 + 47. Suppose -112 = d + o*d. What is the remainder when 41 is divided by j(d)?
8
Let o = -64 - -111. Let m(v) = -62*v**2 + 504*v - 211. What is the remainder when m(7) is divided by o?
44
Let b(f) = -9*f + 139. Let o(w) = -14*w**2 + 5*w - 6. Let z be o(2). Let r = 72 + z. What is the remainder when b(0) is divided by r?
19
Let p(f) = 67*f**3 + 2*f**2 - 2*f + 1. Let r = 378 - 377. Suppose -5 = -h + 14. What is the remainder when p(r) is divided by h?
11
Suppose -4*a + 4*p = -228, 2*a - 5*a - 2*p = -151. What is the remainder when (-4)/(-30) - (-1)/(30/4436) is divided by a?
42
Let u = -306 - -698. Suppose 20 = 394*s - u*s. What is the remainder when 2*7 + 7 + -6 is divided by s?
5
Suppose -121*p - 36*p + 5338 = 0. Calculate the remainder when 3804 is divided by p.
30
Suppose 4*l = -2*o + 30 + 10, 0 = -5*l + 3*o + 72. Suppose -45 + 335 = 5*q. Suppose -5*x + l = -q. What is the remainder when x is divided by 3?
2
Suppose 24129 - 17940 = 19*f - 42489. What is the remainder when f is divided by 135?
132
Let d(i) be the third derivative of -i**5/60 + 5*i**4/6 + 38*i**3/3 - 183*i**2. Calculate the remainder when 56 is divided by d(22).
24
Let i(u) = 2*u**3 - 3*u**2 - 69*u - 4. What is the remainder when 3516 is divided by i(-5)?
12
Suppose -21*i + 12119 = 16*i - 2607. What is the remainder when i is divided by 67?
63
Suppose -4*u - 4*m + 1124 = 0, -15*u + 14*u = 3*m - 295. Calculate the remainder when u is divided by 187.
87
Suppose 22*c = 42*c + 57*c - 10472. Calculate the remainder when c is divided by (4/6)/((-2)/(-84)).
24
Let t be 9/6